 = 30 + 144. What are the prime factors of ((-8)/12)/((-6)/r)?
5
Let v be (-1 + 1)/(3 + -2). Suppose -2*n + 4 = v, -4*l + 3*n + 102 = -2*n. Let x = l - -11. List the prime factors of x.
3, 13
Let t(u) = 12*u**2 - 1. Let a be t(-5). Let o = a + -208. List the prime factors of o.
7, 13
List the prime factors of 1 - -4 - 4/(-4)*509.
2, 257
Let y = -43 + 298. Suppose -2*b + 6*b + n - 333 = 0, 0 = -3*b + n + y. Suppose 3*z + 24 = b. What are the prime factors of z?
2, 5
Let l be 285/55 - (-6)/(-33)*1. Suppose -36 = -m - l*x, 6*x = x - 10. What are the prime factors of m?
2, 23
Let m = -6 + 9. Suppose 0 = -4*i - 4*z + 48, i + 12 = 4*i - m*z. Suppose 0 = 6*b - 4*b - i. List the prime factors of b.
2
Let g be 42/7 + (-1 - -4). Suppose -69 + g = -3*t. What are the prime factors of t?
2, 5
Suppose -7*n + 4*n + 6054 = q, 2*n = 4*q + 4036. List the prime factors of n.
2, 1009
Suppose 1577 = j - 3*s, s - 8 = -3*s. What are the prime factors of j?
1583
Let g(l) = -l**3 - 3*l**2 + 5*l - 2. Let o be g(-4). Let p be (-160)/(-26) - o/(-39). Suppose t = 0, -5*a + 270 = p*t - 2*t. What are the prime factors of a?
2, 3
Suppose -j + 0*g - 5*g + 602 = 0, -g - 1790 = -3*j. What are the prime factors of j?
3, 199
Let u(m) = -m**3 - 6*m + m + 4 - 8*m**2 + 0*m**2 + 2*m**2. What are the prime factors of u(-7)?
2, 11
Let h be -55 + -1 + -1 + -5 + 6. List the prime factors of h/196 + 1059/7.
151
Let o = -841 + 1237. What are the prime factors of o?
2, 3, 11
Suppose 5*m + 3*i - 92 = 0, 61 = 3*m - 7*i + 3*i. What are the prime factors of m?
19
Suppose -6 = -3*g + 9. Suppose 52 = -s + g*s. Suppose 11*c - s*c = -68. List the prime factors of c.
2, 17
Let n(i) = 6*i**2 + 2*i**3 + 0*i**3 - 2*i - 4*i**3 - 2*i**3 - 3. List the prime factors of n(-3).
3, 5, 11
Suppose -9 = -4*h + 59. Let m = h - -12. List the prime factors of m.
29
Suppose 5*r = -3*s - 262, -3*r - r = -2*s - 204. Let y be (-24)/9*(-99)/2. Let v = s + y. What are the prime factors of v?
2, 19
Let h(n) = -n**2 - 20*n - 40. What are the prime factors of h(-6)?
2, 11
Let r(t) = -183*t + 1. Let y be r(-3). Suppose 0 = 6*x - 38 - y. List the prime factors of x.
2, 7
Suppose 5*q + 5*p = -45, 0 = 2*q - 3*p + 1 - 3. Let w(m) = m**2 + 0*m**2 - 17*m - 2*m**2. List the prime factors of w(q).
2, 3, 5
Suppose 36*r - 44799 = 63489. List the prime factors of r.
2, 47
Let t be (-5 + 2)*(-5 + 4). Suppose -3*y = t*c - 357, 4*c + 99 = y - 0*c. Suppose 0 = 3*v + 37 - y. What are the prime factors of v?
2, 13
Suppose 5*m - 8 = 57. Let d = 17 + m. What are the prime factors of d + -2 + -2 + 2?
2, 7
Let x be 16/10 + 2/5. Suppose -5*l + 7*h = 3*h - 366, h = x*l - 147. List the prime factors of l.
2, 37
Suppose 3*u - 2 = -5. Let n = u + 4. List the prime factors of 1/(-1 - (-4)/n).
3
Suppose -f = 4*p + 12, -2*f - 12 = -3*f + 4*p. Suppose f = -8*s + 55 + 145. List the prime factors of s.
5
Suppose 23 - 178 = -5*w. Let x = 34 - w. Suppose 0*r - 36 = -o + 2*r, 0 = -3*o - x*r + 117. List the prime factors of o.
2, 19
Let u be 154/6 + 6/18. Let w = 28 - u. List the prime factors of w.
2
Suppose u - 2*j = 3 - 2, u = 4*j - 1. Suppose -u*v = -32 - 10. List the prime factors of (-14)/(-49) + 38/v.
3
What are the prime factors of (-25683)/(-11) + (336/154)/12?
5, 467
Let s(x) = -2*x - 4. Let p(y) = y**2 - y - 1. Let o(m) = 2*p(m) - s(m). Let b be o(-3). What are the prime factors of (-5)/b - 772/(-16)?
2, 3
Suppose -57*d + 61*d = -144. Let f = 1 - d. List the prime factors of f.
37
Suppose 4152 + 4087 = 7*g. What are the prime factors of g?
11, 107
Let n(h) = -2*h + 1. Let r be n(-1). Suppose -3*w - 11 = u - r*u, 3*w = -3. Suppose -u*d + 3*x + 226 = x, 2*d + 4*x = 108. List the prime factors of d.
2, 7
Let f(u) be the first derivative of -u**3/3 - 13*u**2 + 23*u - 23. List the prime factors of f(-20).
11, 13
Suppose 0 = 4*t, -10*y = -11*y - 3*t + 2594. What are the prime factors of y?
2, 1297
Suppose 76 = 5*l + 1. Suppose b - 3*r = -b - l, -5 = -b - r. Suppose q - 14 - 24 = b. List the prime factors of q.
2, 19
Let c(d) = d**2 - 9*d + 4. Suppose -6 = 9*s - 10*s. Let k be c(s). Let m = k - -35. What are the prime factors of m?
3, 7
Let o(l) = 5*l**3 + l**2 - 1. Let c be o(1). Suppose b + 3 = 1, 0 = 2*m + c*b - 12. What are the prime factors of m?
11
Suppose -164 = -8*b - 20. What are the prime factors of -362*(-7)/b - (-40)/180?
3, 47
Suppose 28 = -2*f - 5*n, -5*n - 8 = -3*f - 0. Let k = -4 - f. Suppose k = 2*l + l + 2*j - 20, l - j = 5. List the prime factors of l.
2, 3
Let t = -7 + 24. Suppose 18*o - t*o = 139. Let v = o + -63. What are the prime factors of v?
2, 19
Suppose -p = 3*p - 2620. Suppose -4*j + p = 47. Suppose -j = -m - 3*m. List the prime factors of m.
2, 19
What are the prime factors of (-3 - -1)/(-17 + 117495/6912)?
2, 3
Let z(j) = -13*j**2 - 88*j - 3. What are the prime factors of z(-4)?
3, 47
Let k = -2 + 7. Suppose -3*u + k*h - 74 + 29 = 0, 3*u + 45 = 2*h. List the prime factors of (-327)/(-9) - (-5)/u.
2, 3
Let h(w) = -w**2 - 20*w - 15. Let k be h(-19). Suppose 0*d - y = d - 63, -3*d + k*y = -175. What are the prime factors of d?
61
Let s(q) be the second derivative of q**4/12 + 7*q**3/6 - q**2 + 10*q. List the prime factors of s(-8).
2, 3
Let m(c) = c**3 + c + 26. Suppose -3*t + 2*t = 2*k, 0 = 3*t. Let o be m(k). Suppose -4*n = -o - 86. List the prime factors of n.
2, 7
Let v(r) = 94*r**2 + 9*r - 11. List the prime factors of v(3).
2, 431
What are the prime factors of (8/3 + -2)*(-30 - -1125)?
2, 5, 73
Let o(t) = 3*t**3 + 9*t**2 + 9*t + 2. Let g(p) = -p**2 - p. Let x(i) = -5*g(i) - o(i). Let n = -38 - -36. What are the prime factors of x(n)?
2, 7
Let g(b) = b**3 + 27*b**2 + 23*b + 35. What are the prime factors of g(-17)?
2, 7, 181
Suppose -4*y + 2*g + 1308 + 2848 = 0, -5*g = y - 1050. What are the prime factors of y?
2, 5, 13
Suppose 3*h = -4*x + 4 + 105, h - 55 = -2*x. Suppose w - 14 = x. List the prime factors of w.
2, 3, 7
Let x(w) = -17*w - 1 + 2*w**2 - 3*w**3 + 22*w + 4 + 0*w**3. Let o be x(-3). Suppose -2*f + o = f. What are the prime factors of f?
29
Suppose 2*a - 1926 = -0*a - 3*b, 2*a = 2*b + 1916. List the prime factors of a.
2, 3, 5
Suppose -27*q = -309 - 6306. What are the prime factors of q?
5, 7
Suppose 35 - 38 = -x. Suppose x*l - 30 = 123. List the prime factors of l.
3, 17
Let n be 16/(-56) - (519/21 + -2). Let z = 58 + n. List the prime factors of z.
5, 7
Suppose -1542 = 5*k + o - 16083, 0 = -4*k - 3*o + 11635. List the prime factors of k.
2, 727
Let h(g) = 15*g - 58. What are the prime factors of h(4)?
2
Suppose -9*t = -4*t - 130. Suppose 2*r - 102 = -t. List the prime factors of (2/(-4))/((-1)/r).
19
Let k(c) = c**2 - 8*c - 402. What are the prime factors of k(43)?
1103
Suppose -9 + 14 = j. List the prime factors of ((-15)/j + -6)*-9.
3
Suppose -2*j = 3*g - 577, -3*g + 0*g - 1109 = -4*j. Suppose -3*k + 273 = 4*a, 0 = 2*a + 2*a - 5*k - j. List the prime factors of a.
3, 23
Let a(g) = g. Let t be a(11). Let p be 77 + 3 + (4 - t). Let l = p - 38. List the prime factors of l.
5, 7
Let c = 27 + -24. Suppose -4*y + 535 = -c*n, -3*n = 5*y - 2*n - 645. What are the prime factors of y?
2, 5, 13
Suppose -8*c = -9*c + 6. What are the prime factors of (-3)/c + 447/6?
2, 37
Let z(n) = n**3 + 0*n**3 + 2*n**3 + 2*n**3 - 1. Let c be z(2). Let j = c + -15. What are the prime factors of j?
2, 3
List the prime factors of (3489 - 0) + (-7 - 15) + 15.
2, 1741
Suppose 2*f - 5*f + 1739 = n, -5*f + 2*n + 2913 = 0. What are the prime factors of f?
7, 83
Suppose -3*c = 2*o + 12, 5*c + 26 = -5*o + 6. Suppose -b + 18 = 5*z, z - 4*z + 3*b = o. What are the prime factors of (-10)/(-3) - z/9?
3
Suppose 2*s + 90 = 5*s. Suppose -42 - 23 = 5*f. Let g = f + s. What are the prime factors of g?
17
Let w(z) = -2*z**2 - 4*z + 1. Let p be w(-4). List the prime factors of (-4)/3 + (-1010)/p.
2, 3, 11
Let y = 60 - 69. Let a(q) = q**3 + 10*q**2 + 10*q + 11. List the prime factors of a(y).
2
Suppose 225*v = 237*v - 8712. What are the prime factors of v?
2, 3, 11
What are the prime factors of 894/(-2)*(-13)/(468/60)?
5, 149
Let m = 4 - 1. Suppose -m*k + 188 = 4*v, 0*k + 3*k - 174 = 3*v. What are the prime factors of k?
2, 3, 5
Let f(h) = 2*h**3 - 10*h**2 + h + 11. Let i(k) = 5*k**2 + 3*k + 3. Let r be i(-1). What are the prime factors of f(r)?
2
Let 